{"id":13,"date":"2024-03-18T16:14:00","date_gmt":"2024-03-18T15:14:00","guid":{"rendered":"https:\/\/www.homeopatiakosice.sk\/?page_id=13"},"modified":"2024-03-19T17:43:44","modified_gmt":"2024-03-19T16:43:44","slug":"o-mne","status":"publish","type":"page","link":"https:\/\/www.homeopatiakosice.sk\/?page_id=13","title":{"rendered":"O MNE"},"content":{"rendered":"\n<p>Vol\u00e1m sa Iveta Sabov\u00e1, <\/p>\n\n\n\n<p>moja prv\u00e1 sk\u00fasenos\u0165 s\u00a0homeopatiou \u00a0bola\u00a0 pred viac ako 20 rokmi. Z\u00edskala si ma okam\u017eite\u00a0 \u00a0\u00a0a\u00a0od t\u00fdch \u010dias sa stala mojou spolo\u010dn\u00ed\u010dkou na ceste k\u00a0uzdraveniu a\u00a0zachovaniu zdravia m\u00f4jho i mojich bl\u00edzkych. Pri ak\u00fdchko\u013evek zdravotn\u00fdch \u0165a\u017ekostiach je mojou prvou vo\u013ebou, ktor\u00e1 nikdy nesklame.\u00a0 <\/p>\n\n\n\n<p>Prv\u00e9 vedomosti z&nbsp;homeopatie som sa sna\u017eila z\u00edska\u0165 samo\u0161t\u00fadiom z&nbsp;dostupnej literat\u00fary. \u010coskoro som v\u0161ak poc\u00edtila potrebu odhali\u0165 \u00fa\u017easn\u00e9 \u00fa\u010dinky homeopatie aj \u010fal\u0161\u00edm \u013eu\u010fom,&nbsp;uk\u00e1za\u0165 im prirodzen\u00fa cestu k&nbsp;uzdraveniu&nbsp; a&nbsp;pom\u00f4c\u0165 k&nbsp;jemn\u00e9mu, bezpe\u010dn\u00e9mu a&nbsp;trval\u00e9mu rie\u0161eniu ich zdravotn\u00fdch \u0165a\u017ekost\u00ed. &nbsp;\u010eal\u0161ie cenn\u00e9 vedomosti som na\u010derpala v &nbsp;homeopatick\u00fdch kurzoch &nbsp;&nbsp;Cestou homeopatie I&nbsp;a&nbsp;Cestou homeopatie II.<\/p>\n\n\n\n<p>Vzdelanie v&nbsp;homeopatii som z\u00edskala 4- ro\u010dn\u00fdm \u0161t\u00fadiom na SAKH Slovenskej akad\u00e9mii klasickej homeopatie pod veden\u00edm p\u00e1na MUDr. Vladim\u00edra Petrociho.<\/p>\n\n\n\n<p>Na\u010falej pokra\u010dujem vo vzdel\u00e1van\u00ed a&nbsp;pravidelne sa z\u00fa\u010dast\u0148ujem odborn\u00fdch semin\u00e1rov a&nbsp;predn\u00e1\u0161ok organizovan\u00fdch Slovenskou akad\u00e9miou klasickej homeopatie, na ktor\u00e9 &nbsp;s\u00fa poz\u00fdvan\u00ed popredn\u00ed svetov\u00ed homeopati napr. Jan Scholten, M. Yakir, J. Hardy, M.Kuntosh, L. Klein a&nbsp;\u010fal\u0161\u00ed. Som registrovanou \u010dlenkou Slovenskej komory homeopatov a&nbsp;riadim sa jej etick\u00fdm k\u00f3dexom.<\/p>\n\n\n<div class=\"wp-block-image\">\n<figure class=\"aligncenter size-full\"><img loading=\"lazy\" decoding=\"async\" width=\"611\" height=\"422\" src=\"https:\/\/www.homeopatiakosice.sk\/wp-content\/uploads\/2024\/03\/Diplom-copy-e1710791191926.jpg\" alt=\"\" class=\"wp-image-45\" srcset=\"https:\/\/www.homeopatiakosice.sk\/wp-content\/uploads\/2024\/03\/Diplom-copy-e1710791191926.jpg 611w, https:\/\/www.homeopatiakosice.sk\/wp-content\/uploads\/2024\/03\/Diplom-copy-e1710791191926-300x207.jpg 300w\" sizes=\"auto, (max-width: 611px) 100vw, 611px\" \/><\/figure><\/div>","protected":false},"excerpt":{"rendered":"<p>Vol\u00e1m sa Iveta Sabov\u00e1, moja prv\u00e1 sk\u00fasenos\u0165 s\u00a0homeopatiou \u00a0bola\u00a0 pred viac ako 20 rokmi. Z\u00edskala si ma okam\u017eite\u00a0 \u00a0\u00a0a\u00a0od t\u00fdch \u010dias sa stala mojou spolo\u010dn\u00ed\u010dkou na ceste k\u00a0uzdraveniu a\u00a0zachovaniu zdravia m\u00f4jho i mojich bl\u00edzkych. Pri ak\u00fdchko\u013evek zdravotn\u00fdch \u0165a\u017ekostiach je mojou prvou vo\u013ebou, ktor\u00e1 nikdy nesklame.\u00a0 Prv\u00e9 vedomosti z&nbsp;homeopatie som sa sna\u017eila z\u00edska\u0165 samo\u0161t\u00fadiom z&nbsp;dostupnej literat\u00fary. [&hellip;]<\/p>\n","protected":false},"author":1,"featured_media":0,"parent":0,"menu_order":0,"comment_status":"closed","ping_status":"closed","template":"","meta":{"_monsterinsights_skip_tracking":false,"_monsterinsights_sitenote_active":false,"_monsterinsights_sitenote_note":"","_monsterinsights_sitenote_category":0,"footnotes":""},"class_list":["post-13","page","type-page","status-publish","hentry"],"yoast_head":"<!-- This site is optimized with the Yoast SEO plugin v22.3 - https:\/\/yoast.com\/wordpress\/plugins\/seo\/ -->\n<title>O MNE - Homeopatia Ko\u0161ice<\/title>\n<meta name=\"robots\" content=\"index, follow, max-snippet:-1, max-image-preview:large, max-video-preview:-1\" \/>\n<link rel=\"canonical\" href=\"https:\/\/www.homeopatiakosice.sk\/?page_id=13\" \/>\n<meta property=\"og:locale\" content=\"sk_SK\" \/>\n<meta property=\"og:type\" content=\"article\" \/>\n<meta property=\"og:title\" content=\"O MNE - Homeopatia Ko\u0161ice\" \/>\n<meta property=\"og:description\" content=\"Vol\u00e1m sa Iveta Sabov\u00e1, moja prv\u00e1 sk\u00fasenos\u0165 s\u00a0homeopatiou \u00a0bola\u00a0 pred viac ako 20 rokmi. Z\u00edskala si ma okam\u017eite\u00a0 \u00a0\u00a0a\u00a0od t\u00fdch \u010dias sa stala mojou spolo\u010dn\u00ed\u010dkou na ceste k\u00a0uzdraveniu a\u00a0zachovaniu zdravia m\u00f4jho i mojich bl\u00edzkych. Pri ak\u00fdchko\u013evek zdravotn\u00fdch \u0165a\u017ekostiach je mojou prvou vo\u013ebou, ktor\u00e1 nikdy nesklame.\u00a0 Prv\u00e9 vedomosti z&nbsp;homeopatie som sa sna\u017eila z\u00edska\u0165 samo\u0161t\u00fadiom z&nbsp;dostupnej literat\u00fary. [&hellip;]\" \/>\n<meta property=\"og:url\" content=\"https:\/\/www.homeopatiakosice.sk\/?page_id=13\" \/>\n<meta property=\"og:site_name\" content=\"Homeopatia Ko\u0161ice\" \/>\n<meta property=\"article:modified_time\" content=\"2024-03-19T16:43:44+00:00\" \/>\n<meta property=\"og:image\" content=\"https:\/\/www.homeopatiakosice.sk\/wp-content\/uploads\/2024\/03\/Diplom-copy-e1710791191926.jpg\" \/>\n<meta name=\"twitter:card\" content=\"summary_large_image\" \/>\n<meta name=\"twitter:label1\" content=\"Predpokladan\u00fd \u010das \u010d\u00edtania\" \/>\n\t<meta name=\"twitter:data1\" content=\"2 min\u00faty\" \/>\n<script type=\"application\/ld+json\" class=\"yoast-schema-graph\">{\"@context\":\"https:\/\/schema.org\",\"@graph\":[{\"@type\":\"WebPage\",\"@id\":\"https:\/\/www.homeopatiakosice.sk\/?page_id=13\",\"url\":\"https:\/\/www.homeopatiakosice.sk\/?page_id=13\",\"name\":\"O MNE - Homeopatia Ko\u0161ice\",\"isPartOf\":{\"@id\":\"https:\/\/www.homeopatiakosice.sk\/#website\"},\"primaryImageOfPage\":{\"@id\":\"https:\/\/www.homeopatiakosice.sk\/?page_id=13#primaryimage\"},\"image\":{\"@id\":\"https:\/\/www.homeopatiakosice.sk\/?page_id=13#primaryimage\"},\"thumbnailUrl\":\"https:\/\/www.homeopatiakosice.sk\/wp-content\/uploads\/2024\/03\/Diplom-copy-e1710791191926.jpg\",\"datePublished\":\"2024-03-18T15:14:00+00:00\",\"dateModified\":\"2024-03-19T16:43:44+00:00\",\"breadcrumb\":{\"@id\":\"https:\/\/www.homeopatiakosice.sk\/?page_id=13#breadcrumb\"},\"inLanguage\":\"sk-SK\",\"potentialAction\":[{\"@type\":\"ReadAction\",\"target\":[\"https:\/\/www.homeopatiakosice.sk\/?page_id=13\"]}]},{\"@type\":\"ImageObject\",\"inLanguage\":\"sk-SK\",\"@id\":\"https:\/\/www.homeopatiakosice.sk\/?page_id=13#primaryimage\",\"url\":\"https:\/\/www.homeopatiakosice.sk\/wp-content\/uploads\/2024\/03\/Diplom-copy-e1710791191926.jpg\",\"contentUrl\":\"https:\/\/www.homeopatiakosice.sk\/wp-content\/uploads\/2024\/03\/Diplom-copy-e1710791191926.jpg\",\"width\":611,\"height\":422},{\"@type\":\"BreadcrumbList\",\"@id\":\"https:\/\/www.homeopatiakosice.sk\/?page_id=13#breadcrumb\",\"itemListElement\":[{\"@type\":\"ListItem\",\"position\":1,\"name\":\"Home\",\"item\":\"https:\/\/www.homeopatiakosice.sk\/\"},{\"@type\":\"ListItem\",\"position\":2,\"name\":\"O MNE\"}]},{\"@type\":\"WebSite\",\"@id\":\"https:\/\/www.homeopatiakosice.sk\/#website\",\"url\":\"https:\/\/www.homeopatiakosice.sk\/\",\"name\":\"Homeopatia Ko\u0161ice\",\"description\":\"\",\"potentialAction\":[{\"@type\":\"SearchAction\",\"target\":{\"@type\":\"EntryPoint\",\"urlTemplate\":\"https:\/\/www.homeopatiakosice.sk\/?s={search_term_string}\"},\"query-input\":\"required name=search_term_string\"}],\"inLanguage\":\"sk-SK\"}]}<\/script>\n<!-- \/ Yoast SEO plugin. -->","yoast_head_json":{"title":"O MNE - Homeopatia Ko\u0161ice","robots":{"index":"index","follow":"follow","max-snippet":"max-snippet:-1","max-image-preview":"max-image-preview:large","max-video-preview":"max-video-preview:-1"},"canonical":"https:\/\/www.homeopatiakosice.sk\/?page_id=13","og_locale":"sk_SK","og_type":"article","og_title":"O MNE - Homeopatia Ko\u0161ice","og_description":"Vol\u00e1m sa Iveta Sabov\u00e1, moja prv\u00e1 sk\u00fasenos\u0165 s\u00a0homeopatiou \u00a0bola\u00a0 pred viac ako 20 rokmi. Z\u00edskala si ma okam\u017eite\u00a0 \u00a0\u00a0a\u00a0od t\u00fdch \u010dias sa stala mojou spolo\u010dn\u00ed\u010dkou na ceste k\u00a0uzdraveniu a\u00a0zachovaniu zdravia m\u00f4jho i mojich bl\u00edzkych. Pri ak\u00fdchko\u013evek zdravotn\u00fdch \u0165a\u017ekostiach je mojou prvou vo\u013ebou, ktor\u00e1 nikdy nesklame.\u00a0 Prv\u00e9 vedomosti z&nbsp;homeopatie som sa sna\u017eila z\u00edska\u0165 samo\u0161t\u00fadiom z&nbsp;dostupnej literat\u00fary. [&hellip;]","og_url":"https:\/\/www.homeopatiakosice.sk\/?page_id=13","og_site_name":"Homeopatia Ko\u0161ice","article_modified_time":"2024-03-19T16:43:44+00:00","og_image":[{"url":"https:\/\/www.homeopatiakosice.sk\/wp-content\/uploads\/2024\/03\/Diplom-copy-e1710791191926.jpg"}],"twitter_card":"summary_large_image","twitter_misc":{"Predpokladan\u00fd \u010das \u010d\u00edtania":"2 min\u00faty"},"schema":{"@context":"https:\/\/schema.org","@graph":[{"@type":"WebPage","@id":"https:\/\/www.homeopatiakosice.sk\/?page_id=13","url":"https:\/\/www.homeopatiakosice.sk\/?page_id=13","name":"O MNE - Homeopatia Ko\u0161ice","isPartOf":{"@id":"https:\/\/www.homeopatiakosice.sk\/#website"},"primaryImageOfPage":{"@id":"https:\/\/www.homeopatiakosice.sk\/?page_id=13#primaryimage"},"image":{"@id":"https:\/\/www.homeopatiakosice.sk\/?page_id=13#primaryimage"},"thumbnailUrl":"https:\/\/www.homeopatiakosice.sk\/wp-content\/uploads\/2024\/03\/Diplom-copy-e1710791191926.jpg","datePublished":"2024-03-18T15:14:00+00:00","dateModified":"2024-03-19T16:43:44+00:00","breadcrumb":{"@id":"https:\/\/www.homeopatiakosice.sk\/?page_id=13#breadcrumb"},"inLanguage":"sk-SK","potentialAction":[{"@type":"ReadAction","target":["https:\/\/www.homeopatiakosice.sk\/?page_id=13"]}]},{"@type":"ImageObject","inLanguage":"sk-SK","@id":"https:\/\/www.homeopatiakosice.sk\/?page_id=13#primaryimage","url":"https:\/\/www.homeopatiakosice.sk\/wp-content\/uploads\/2024\/03\/Diplom-copy-e1710791191926.jpg","contentUrl":"https:\/\/www.homeopatiakosice.sk\/wp-content\/uploads\/2024\/03\/Diplom-copy-e1710791191926.jpg","width":611,"height":422},{"@type":"BreadcrumbList","@id":"https:\/\/www.homeopatiakosice.sk\/?page_id=13#breadcrumb","itemListElement":[{"@type":"ListItem","position":1,"name":"Home","item":"https:\/\/www.homeopatiakosice.sk\/"},{"@type":"ListItem","position":2,"name":"O MNE"}]},{"@type":"WebSite","@id":"https:\/\/www.homeopatiakosice.sk\/#website","url":"https:\/\/www.homeopatiakosice.sk\/","name":"Homeopatia Ko\u0161ice","description":"","potentialAction":[{"@type":"SearchAction","target":{"@type":"EntryPoint","urlTemplate":"https:\/\/www.homeopatiakosice.sk\/?s={search_term_string}"},"query-input":"required name=search_term_string"}],"inLanguage":"sk-SK"}]}},"_links":{"self":[{"href":"https:\/\/www.homeopatiakosice.sk\/index.php?rest_route=\/wp\/v2\/pages\/13","targetHints":{"allow":["GET"]}}],"collection":[{"href":"https:\/\/www.homeopatiakosice.sk\/index.php?rest_route=\/wp\/v2\/pages"}],"about":[{"href":"https:\/\/www.homeopatiakosice.sk\/index.php?rest_route=\/wp\/v2\/types\/page"}],"author":[{"embeddable":true,"href":"https:\/\/www.homeopatiakosice.sk\/index.php?rest_route=\/wp\/v2\/users\/1"}],"replies":[{"embeddable":true,"href":"https:\/\/www.homeopatiakosice.sk\/index.php?rest_route=%2Fwp%2Fv2%2Fcomments&post=13"}],"version-history":[{"count":6,"href":"https:\/\/www.homeopatiakosice.sk\/index.php?rest_route=\/wp\/v2\/pages\/13\/revisions"}],"predecessor-version":[{"id":101,"href":"https:\/\/www.homeopatiakosice.sk\/index.php?rest_route=\/wp\/v2\/pages\/13\/revisions\/101"}],"wp:attachment":[{"href":"https:\/\/www.homeopatiakosice.sk\/index.php?rest_route=%2Fwp%2Fv2%2Fmedia&parent=13"}],"curies":[{"name":"wp","href":"https:\/\/api.w.org\/{rel}","templated":true}]}}